 6 = 0, w - 1 = 2*s + 9. Suppose i + 0 = 5*n - 11, 2*n + 2*i - w = 0. What is the highest common divisor of n and 18?
2
Let v(u) = 13*u**2 + 2*u - 4. Let y be v(3). Let n = 37 - 56. Let d = -2 - n. Calculate the greatest common factor of d and y.
17
Let b(j) = -6*j**3 - 2*j**2 + 2*j + 3. Let r be b(-2). Suppose -4*m = -5 - r. Let h = 402 + -281. What is the highest common divisor of h and m?
11
Let g = 11 - 6. Suppose g*k - 62 - 23 = 0. What is the highest common factor of k and 119?
17
Let q = -8 - -9. Calculate the greatest common divisor of 11 and q.
1
Let b be 3 + (2 - 0/(-4)). Suppose 2*z = -l + 10, l + 2*z - 10 = 5*z. Calculate the greatest common factor of b and l.
5
Let b(y) = y**2 + 5*y - 8. Let v be b(-7). Let j(f) = 11*f. Let n be j(v). What is the greatest common divisor of 6 and n?
6
Let t be (1 - 2)/((-2)/26). Let q = -9 + 22. Calculate the greatest common divisor of q and t.
13
Let b be 148/(-52) - (-4)/(-26). Let y be 1/b - (-14)/6. Let h be 1/(-3)*y*-6. Calculate the highest common divisor of h and 8.
4
Let r = 60 - 33. Let o(d) = d**2 - 6*d + 2. Let a be o(8). Calculate the highest common divisor of r and a.
9
Let y be ((-12)/(-9))/((-2)/(-195)). Let j = 274 - y. Calculate the greatest common divisor of 16 and j.
16
Let r be (0 - 3/3)*-4. Suppose -45 = -5*m + 5*g, m + 0 = 2*g + r. Suppose -l + 2*q = -4*l + 19, -2*l - 5*q = -9. Calculate the highest common factor of l and m.
7
Let q(f) = -f**3 + 6*f**2 + 5*f - 2. Suppose -3*x + 5 = -4*x. Let r be q(x). What is the greatest common factor of r and 31?
31
Suppose 1 = -u + y, -u + 3*y = 3*u + 1. What is the greatest common factor of 10 and u?
2
Suppose 0 = -d + 5*b + 10 + 35, 2*d = 4*b + 120. Calculate the greatest common divisor of d and 10.
10
Suppose 3*n - 3*r + 13 = r, -14 = -2*n - 3*r. Suppose -2*z - 3*z + 35 = 0. What is the highest common divisor of n and z?
1
Suppose 2*y = -3*a + 89 + 317, -545 = -4*a + y. What is the highest common divisor of a and 34?
34
Let x be (0 + -80)*-1*1. Calculate the greatest common divisor of x and 10.
10
Let r be -3*-3*4/18. Suppose -r*b = -5*b + 147. What is the highest common divisor of b and 7?
7
Let c = 0 - -18. Suppose m = -2*b + 66 + c, 0 = -3*m + 5*b + 274. Let s(f) = -f**2 + 8*f + 31. Let i be s(10). What is the highest common factor of i and m?
11
Let s be 1/2*14*-42. Let a be ((-30)/(-35))/((-1)/s). Suppose 987 = 5*z + a. Calculate the highest common factor of z and 21.
21
Let r(b) = 9*b - 12. Let s be r(2). What is the highest common factor of s and 2?
2
Suppose 3*f + 10 + 8 = 0. Let l = -6 - f. Let z be -2 - -1 - (l + -3). What is the highest common factor of 6 and z?
2
Let y = -36 + 53. Suppose 21 = -2*s + 123. What is the highest common factor of s and y?
17
Suppose -i + 2*w + 305 = 0, -w = i - 0*w - 293. What is the highest common divisor of i and 33?
33
Suppose -16*n + 21*n = 20. Suppose 0 = 3*q + 2*d + 1 - 19, 0 = -5*q - n*d + 32. Calculate the greatest common divisor of 32 and q.
4
Suppose 60 = 2*d + d. Let r(j) = 4*j**2 + j. Let c(a) = -a + 6. Let n be c(5). Let z be r(n). Calculate the greatest common factor of z and d.
5
Let d = -20 + 29. Suppose -z + 3*g + 12 + d = 0, -g = 5. Calculate the highest common divisor of 6 and z.
6
Let f(d) = -20*d**3 + d - 1. Let b be f(1). Let x = -9 - b. Suppose 2*i = 2*m + 123 - 363, 2*m - i = 241. Calculate the highest common factor of m and x.
11
Suppose l + 22 = 3*r, 5*r + 2*l = -0*r + 33. Calculate the highest common divisor of 56 and r.
7
Let k = 11 - 3. Let f = 6 - -2. What is the highest common factor of k and f?
8
Let a(b) = 3*b + 11. Let k be a(-8). Let u = 9 - k. Calculate the highest common divisor of u and 132.
22
Let w(m) = 3*m**2 + 10*m - 4. Let u be w(-8). Calculate the highest common divisor of 12 and u.
12
Suppose -4 = s, -3*b - 4*s - 6 = 1. Suppose b*v + 5*m = 20, 0 = 4*v + m + 2*m - 23. What is the greatest common factor of 25 and v?
5
Suppose 0 = -w + 4*t - 13, -3*w + 7*w = 5*t - 8. What is the greatest common divisor of w and 2?
1
Let a(y) = y**3 - 6*y**2 + 13*y - 8. Let d be a(8). Calculate the highest common factor of d and 32.
32
Let m(a) = -a**3 - 8*a**2 + 7*a - 6. Let r be m(-9). What is the greatest common divisor of r and 132?
12
Let y(s) = s + 6. Let b be y(-4). Suppose b*m - 32 = 4*p, m = -2*m - 4*p + 78. What is the highest common divisor of 220 and m?
22
Let u(h) = h**2 + 4*h - 9. Let m be u(6). Suppose 4*k + 34 = 5*k. What is the greatest common divisor of m and k?
17
Let z(x) = -x + 8. Let q be z(0). Suppose 10*w - 20 = 5*w. Suppose -2*m + 19 = 3*m - n, w*n = -m + 8. What is the highest common divisor of q and m?
4
Suppose -2*d + v = -0*d - 5, 5*d + 4*v = 32. Let f(c) = c**3 - 4*c**2 - 5*c + 6. Let o be f(5). Calculate the greatest common divisor of o and d.
2
Let l be 0/1 - -2 - 2. Suppose l = -0*z - 5*z + 60. Let i be 4*5*3/z. Calculate the highest common divisor of 5 and i.
5
Let j be (8/(-7))/(4/(-14)). Suppose -b = -j - 4. What is the greatest common factor of b and 2?
2
Suppose 0*a + a = 0. Suppose a*t + 13 = t. Calculate the highest common factor of t and 117.
13
Let d be 5/(-1 + (-46)/(-44)). Let p be (-60)/(-8) + 6/(-4). Suppose -26 + p = -2*q. What is the highest common factor of q and d?
10
Let g = -24 - -48. What is the highest common divisor of 3 and g?
3
Let v be (-1 - -1) + 1/1. Let m(y) = -y**2 + 2*y + 5. Let x be m(4). Let b = 10 + x. Calculate the highest common factor of b and v.
1
Let d(q) = 2*q + 25. Let c be d(-10). Calculate the highest common factor of c and 55.
5
Suppose 0*o + 12 = -3*o, 3*s - 30 = -3*o. What is the highest common divisor of 2 and s?
2
Let s = -7 + 23. Suppose 20 = l + 12. Calculate the highest common divisor of l and s.
8
Let y = 26 + -4. What is the highest common factor of y and 66?
22
Suppose -2*q = 3*q + 25, q = -4*s + 7. Suppose -4*u - 2 = 2*p, -3 = 4*u + 5. Let y be (p - -14) + 12/3. What is the greatest common factor of y and s?
3
Suppose -k - 10 = -30. Let j(s) = -29*s + 2. Let t be j(-2). What is the greatest common factor of k and t?
20
Suppose 4*z = -5*k + 30, -k - 3 = 2*z - 3*z. Calculate the highest common divisor of 2 and k.
2
Let j be -12*(84/(-9))/7. What is the highest common divisor of j and 96?
16
Suppose 27 + 153 = 5*u. Let n be 164/3 + (-12)/18. Calculate the highest common factor of u and n.
18
Let s(y) = -9*y - 10. Let r = -16 + 11. Let w(o) = -5*o - 5. Let v(a) = r*w(a) + 3*s(a). Let i be v(-7). Calculate the highest common divisor of i and 63.
9
Let d = 5 - 2. Suppose -9 - d = -4*g. Calculate the highest common factor of 24 and g.
3
Let m = 4 + -1. Suppose 3*d - m = 21. Let i = -9 + 17. What is the greatest common divisor of i and d?
8
Let o be (2/(-3))/(5/(-195)). What is the greatest common divisor of o and 143?
13
Let n = -29 - -73. Calculate the greatest common divisor of 11 and n.
11
Suppose -16*z + 240 = -11*z. Suppose 4*v + j = 65, -v = 2*v - 5*j - 43. Calculate the greatest common factor of v and z.
16
Let n = 26 - 14. Calculate the greatest common factor of n and 4.
4
Suppose 3*p = 2*p - 3*k + 16, k - 5 = 0. Let c = -5 - p. Let a be (-4)/c - (-312)/18. What is the greatest common factor of 144 and a?
18
Let q = -6 - -10. Let n = -5 + 7. Suppose -h - n*u = 0, 2*h - 38 + 6 = 4*u. What is the greatest common factor of h and q?
4
Let t be (3/2)/((-2)/(-4)). Suppose 2*f = 4*b - 12, t*b = -b - f. Calculate the highest common factor of 9 and b.
1
Let g be (36/(-30))/(2/(-60)). What is the highest common factor of 9 and g?
9
Let c be 0 - 2 - 54/(-4 + 2). Calculate the greatest common factor of 10 and c.
5
Suppose m + 2 = 4*t - 4, -5*m - 8 = 2*t. Let l be (-2 + t)/(3/(-15)). Let n be 16/6 - (-8)/(-12). Calculate the highest common factor of n and l.
1
Let t(p) = p**3 + 11*p**2 - 17*p + 10. Let q be t(-12). Calculate the highest common divisor of 10 and q.
10
Suppose 3*p = -2 + 32. Suppose 0 = -3*i - i + 8. Suppose 0 = i*f - 2 - 138. What is the highest common divisor of p and f?
10
Let q(v) = -v**3 + 6*v**2 - v - 4. Let g be q(3). Suppose -6*o + o - g = 0. Let d = 7 + o. What is the highest common factor of d and 12?
3
Let h(l) = -l**2 - 6*l + 8. Let v be h(-8). Let p = 8 - v. Suppose 3*g + 96 = 7*g. What is the highest common factor of p and g?
8
Let b be (-1*1)/(1/(-5)). Let r(d) = 2